10)?
8
Let l = 8 - 7. What is the units digit of -10*(-3)/6 - l?
4
Suppose 2*y = y + 48. What is the tens digit of y?
4
Let h(d) = d**3 + 8*d**2 - 8*d + 6. Let s be h(-9). Let j(y) be the second derivative of y**4/12 - y**3/6 - 2*y**2 + y. What is the units digit of j(s)?
8
Let f = -3 + 12. What is the units digit of f?
9
What is the tens digit of (-4)/18 - (4 + (-4220)/36)?
1
Suppose -3*n = l - 2*l - 552, 3 = -l. What is the hundreds digit of n?
1
Let c(b) be the second derivative of b**4/6 - 2*b**3/3 - 3*b. Let r = -7 - -11. What is the tens digit of c(r)?
1
Suppose 4*x = 3*l - 6, -4*l - 2*x + 2 = -6. Suppose 2*y = -2*z + 104, -l*z + 0*z - 232 = -5*y. What is the units digit of y?
8
Let l = -424 - -748. What is the hundreds digit of l?
3
Let x = 0 + 8. What is the units digit of x?
8
Let t(h) = -h**2 - 7*h + 10. Let k be t(-8). Suppose 2 = -5*s - 8. What is the units digit of 22*k*s/(-8)?
1
Suppose 3*g - 180 = -4*i + g, -4*g - 156 = -4*i. What is the units digit of i?
3
Suppose 0*y - 46 = -4*y + 2*t, 0 = y - 4*t + 6. Suppose 2*x + y = 44. What is the tens digit of x?
1
Suppose 0 = -4*q - 2*x + 24, 0 = -0*q + 5*q + 4*x - 30. Suppose 0 = -5*g - 5*z + 55, -5*g = -q*g + 2*z + 5. What is the units digit of g?
9
Suppose 0 = -2*q + q + 31. What is the tens digit of q?
3
Let g(n) = -3*n**3 + n - 1. Suppose j + 8 = 3*f, 0*f + 10 = 5*f. What is the units digit of g(j)?
1
Suppose 3 = -4*d + 5*q, -2*d - 2*q = -3*d - 3. Let f = 5 + d. What is the units digit of f?
8
Let o(v) be the second derivative of 8*v**4/3 + v**3/3 + v**2/2 + v. What is the tens digit of o(-1)?
3
Suppose -5*g = -18 + 68. Let t(u) = -3*u**2 - u - 1. Let q be t(-1). Let z = q - g. What is the units digit of z?
7
Let b(v) = v**3 + 5*v**2 + 5*v + 2. Let w be b(-4). Let d be ((-2)/(-3))/(w/(-93)). Suppose -4*s + d = 3*o, -s = -o - 2*s + 9. What is the units digit of o?
5
Let n = -268 + 558. What is the hundreds digit of n?
2
Suppose 16*a - 12*a - 328 = 0. What is the tens digit of a?
8
Suppose -2*j = -2*o + 15 + 151, -160 = -2*o + 4*j. Let u = 156 - o. Suppose z = -4*z + u. What is the tens digit of z?
1
Let u(i) = i**3 - 9*i**2 - 10*i + 13. Let x(r) = 2*r**2 + 2*r - 2. Let m be x(2). What is the units digit of u(m)?
3
What is the units digit of 879/(-6)*(0 - 2) - 3?
0
Suppose -5*y + 176 = h - 4*h, -4*h = -2*y + 62. What is the tens digit of y?
3
Suppose -3*k + 48 = 2*k - 2*z, k = -2*z + 12. What is the units digit of k?
0
Let g = 17 - 12. Suppose 0 = -3*b - 16 - g. Let l = b + 15. What is the units digit of l?
8
Suppose 23 = 2*g + 15. Let c(s) = 0 + 1 + 2*s**2 - 4*s - s. What is the tens digit of c(g)?
1
Let v(w) = 3*w**2 + w - 5. Suppose -l + 0 - 4 = 0. What is the tens digit of v(l)?
3
Let g(i) = 2*i**2 - 2*i. Suppose -3*z - 9 = -x + 1, 0 = -z - 4*x + 14. What is the units digit of g(z)?
2
Suppose 0 = 3*p - 6*p + 4*j - 36, -5*j + 55 = -5*p. Let d = p - -29. What is the units digit of d?
1
Let x be (0 + -4)/(-2 + 0). Let d(r) = 0*r**3 + r**3 + 4*r + 5 - 6 + 6*r**x. What is the tens digit of d(-4)?
1
Suppose 5*d + 7 = 177. What is the units digit of d?
4
Let f be (1 - 0)/(6/12). Let s(u) = 2*u**3 - 2*u. What is the tens digit of s(f)?
1
What is the tens digit of (-4)/(-2) + 61 + -4?
5
Suppose 0 = -3*l + l + 10. Let d = -2 + l. Suppose 0 = 5*f + t - 11, f + d*t + 8 = -1. What is the units digit of f?
3
Suppose 0 = 2*o - 110 - 106. What is the hundreds digit of o?
1
Suppose 3*t - 3 = -0*t. What is the units digit of 332/6 - t/3?
5
Let u = 3 - 15. What is the units digit of (4/(-6))/(2/u)?
4
Suppose 32 = -4*y + 5*k - 9, 2*y = -5*k + 17. What is the tens digit of (-231)/(-12) + 1/y?
1
Suppose -26 = -4*x - 6. Let h(z) = -z**2 + 5*z - 2. Let r be h(3). Suppose 5*f - r*l = 51, 3*f - 60 = -2*f - x*l. What is the units digit of f?
1
Suppose 2*g + 2*g - 840 = 0. What is the hundreds digit of g?
2
Suppose -5*v + 298 + 114 = 2*y, 4*y = -v + 68. What is the tens digit of v?
8
Suppose -4*a = -5*i + 23, -2*i = 2*i + a - 10. What is the units digit of 2/i + (-121)/(-3)?
1
Let o(l) = 2*l**2 - 6*l - 1. What is the tens digit of o(6)?
3
Let x = 9 + -4. Suppose -q - q - x*u + 34 = 0, -4*u = -q + 4. What is the units digit of 2/q + 51/18?
3
Let a(i) = -21*i - 12. Let r be a(6). What is the units digit of r/(-4) - 2/4?
4
Suppose 0 = r - 2*f - 51, -r + 51 = 4*f + 12. Suppose -v + 27 = h + 4, 3*v - r = -2*h. What is the units digit of h?
2
Let b = 57 + -80. Suppose 5*q + 228 = 2*l - 4*l, l - 172 = 4*q. Let v = b - q. What is the tens digit of v?
2
What is the units digit of (-22)/(((-10)/1)/5)?
1
Let k be (-4)/(-12) - (-98)/(-6). What is the units digit of (5/4)/((-4)/k)?
5
What is the hundreds digit of 196 - 7/((-35)/25)?
2
Let a(d) = -d**3 - 9*d**2 - d - 5. Let v = 1 + -10. Let f be a(v). What is the units digit of (-1)/((f/(-2))/4)?
2
Suppose -2*m - 2*m = -36. Let k be 110/m + 2/(-9). Suppose 0 = 3*u - 12, -k = -4*y - 5*u + 20. What is the units digit of y?
3
What is the tens digit of ((-304)/(-6))/((-32)/(-48))?
7
Let f = 22 - -2. Let k = -10 + f. What is the tens digit of k?
1
Let f(t) = t - 4. Let w be f(7). Suppose 5*s - 30 = -n, -n + s + 9 = -3. Suppose -h = 4*v + n, v + 9 = 2*h + w*h. What is the units digit of h?
1
Let y be 8/(-12)*30/(-4). Suppose -y*r + f = 3*f - 13, -2*r = f - 6. What is the units digit of r?
1
Let m(r) = -r**3 + r**2 - 2*r - 3. Suppose -a = a - 8. Suppose -3 = a*l + 5. What is the units digit of m(l)?
3
Let n = 8 + 10. Suppose -t + n + 17 = 0. What is the tens digit of t?
3
Let p = 15 - -18. What is the units digit of p?
3
What is the hundreds digit of 1*(7 - 8)*(-151 + 1)?
1
Let n(p) = p**3 + 6*p**2 + 6*p + 7. Let u be n(-5). Suppose u*w - 6*w = -8. What is the units digit of 6 + 1/(w/4)?
8
Let z = 20 + -13. Let n be (-4)/14 + (-32)/(-14). Suppose p = n*p - z. What is the units digit of p?
7
Let t be 8/(-28) + (-51)/(-7). Let c be (0 - 201)*t/(-21). Suppose 4*r + 19 - c = 0. What is the tens digit of r?
1
Let o(i) be the second derivative of i**5/20 - i**4/3 - i**3/2 - 7*i**2/2 + i. What is the units digit of o(5)?
3
What is the units digit of (-1)/(1/(0 + -25))?
5
Let v = 15 + -11. Let c = -2 + v. What is the tens digit of 3 + ((-22)/c)/(-1)?
1
Let k = -5 + 5. Suppose k = -4*b - 4*l + 32, l - 58 = -5*b + 2*l. What is the tens digit of b?
1
What is the units digit of 1 - 14/12 - 727/(-6)?
1
Let s = 5 - 3. Suppose -f + 8 = -s*f. Let h = 15 + f. What is the units digit of h?
7
Let y(r) = r**2 - r. Suppose 4 = 2*w - 2. Let v be y(w). What is the units digit of (-4 + 3)*v/(-2)?
3
What is the units digit of 6*(0 + -2 + 140/6)?
8
Let f(b) = -b**3 + 7*b**2 - 9*b. Let x be f(6). Let s be (-68)/18 - (-4)/x. What is the units digit of s/18 - (-20)/9?
2
Let x(a) = a**2 - 11*a - 13. What is the tens digit of x(16)?
6
Let g = -49 - -83. Let h = g + -23. What is the units digit of h?
1
Let p be (1 - 1)/((-4)/4). Suppose 0*v + 5*v + 20 = p. What is the units digit of 3/(-2)*v/3?
2
Suppose -o - 24 = -5*o. Let j = o - -8. Suppose -3*p + 7 = t, 0 = -4*t + 6*t - 4*p - j. What is the units digit of t?
7
Let u = -9 + 58. What is the tens digit of u?
4
Suppose -2*t = 6*t - 416. What is the units digit of t?
2
Suppose 2*u = v + 304, -v - 608 = 2*u - 6*u. What is the units digit of u?
2
Suppose r + 0 = a - 5, 9 = -3*r. Suppose -3*k = -0*u - 2*u - 2, -5*k + 2 = -2*u. Suppose k = -l + a*l - 8. What is the units digit of l?
8
Let w(o) = 2*o - 2. Let x(f) = f**3 - 9*f**2 + 8*f + 6. Let b be x(8). What is the tens digit of w(b)?
1
Let y(j) = j**2 - 8*j - 15. What is the hundreds digit of y(17)?
1
Let c = 5 - 0. Suppose i - c*l + 15 = 6*i, 3*i - 2*l - 14 = 0. What is the units digit of i?
4
Let o = -75 - -30. Let t = o + 73. What is the units digit of t?
8
Let w = -240 + 343. What is the units digit of w?
3
Let j be 1 + -2 + -1 + 7. Suppose j*p = -2*y + 140, 2*p = 7*p - 2*y - 160. Let n = p + -17. What is the units digit of n?
3
Suppose 0 = -j + 5*q + 26, -4*q - 67 = -3*j - 0*q. Let c = 55 - j. What is the tens digit of c?
3
Suppose 10 = 4*v + 2*a, 0*v - v - 3*a = -15. Suppose -5*u + 8 + 47 = v. Suppose 7*f - 4*s = 2*f + u, 0 = 2*s - 2. What is the units digit of f?
3
Let j(k) = k**2 - 7*k. Let q be j(3). Let y = 9 - q. Suppose -6*p - t = -4*p - 3, -5*p + 2*t + y = 0. What is the units digit of p?
3
Let